{"id":96,"date":"2010-09-29T16:10:40","date_gmt":"2010-09-29T14:10:40","guid":{"rendered":"http:\/\/hsstleonhard-forst.ac.at\/?page_id=96"},"modified":"2026-01-26T09:02:28","modified_gmt":"2026-01-26T08:02:28","slug":"personen","status":"publish","type":"page","link":"https:\/\/nmsstleonhard-forst.ac.at\/?page_id=96","title":{"rendered":"WIR"},"content":{"rendered":"<p style=\"text-align: left;\">Unsere Schule besteht seit dem Jahr 1960 und umfasst das Einzugsgebiet der Gemeinden St. Leonhard am Forst, Ruprechtshofen und einen Teil von Zelking-Matzleinsdorf. Das Schulgeb\u00e4ude wurde 2006 generalsaniert und durch einen Zubau mit den notwendigen Funktionsr\u00e4umen erweitert. Mit dem Schuljahr 2013\/14 erfolgte die Umstellung von der Europahauptschule auf die Neue Mittelschule. Derzeit werden in 9 Klassen mehr als 200 Sch\u00fcler\/innen vom Lehrerteam auf die weitere Bildungs- und Berufslaufbahn vorbereitet.<\/p>\n<p><strong>Was macht unsere Schule so besonders?<\/strong><\/p>\n<p>Unsere p\u00e4dagogischen Schwerpunkte liegen im Erwerb von Lerntechniken durch eigenverantwortliches und selbst\u00e4ndiges Arbeiten mit Selbstreflexion in der Lernwerkstatt, sowie in der Vermittlung einer soliden Grundausbildung in allen Wissensbereichen zur optimalen Vorbereitung auf den weiteren schulischen bzw. beruflichen Werdegang. Die Pers\u00f6nlichkeitsbildung und die St\u00e4rkung der sozialen Kompetenzen der uns anvertrauten Sch\u00fcler\/innen liegen uns am Herzen, denn zuk\u00fcnftig wird nicht mehr nur reines Faktenwissen gefragt sein. Sehr wichtig ist uns auch ein wertsch\u00e4tzender Umgang miteinander.<\/p>\n<p><strong>Ziel unseres Angebotes und der Aktivit\u00e4ten im Laufe der vier Schuljahre ist die Heranbildung von selbst\u00e4ndigen, eigenverantwortlichen und kritisch denkenden Menschen, die fit f\u00fcr die Zukunft sind!<\/strong><\/p>\n<p><a href=\"https:\/\/nmsstleonhard-forst.ac.at\/wp-content\/uploads\/2025\/09\/Lehrer_2025.jpg\">Unser Team<\/a><\/p>\n","protected":false},"excerpt":{"rendered":"<p>Unsere Schule besteht seit dem Jahr 1960 und umfasst das Einzugsgebiet der Gemeinden St. Leonhard am Forst, Ruprechtshofen und einen Teil von Zelking-Matzleinsdorf. Das Schulgeb\u00e4ude wurde 2006 generalsaniert und durch einen Zubau mit den notwendigen Funktionsr\u00e4umen erweitert. Mit dem Schuljahr 2013\/14 erfolgte die Umstellung von <a class=\"more-link\" href=\"https:\/\/nmsstleonhard-forst.ac.at\/?page_id=96\">Weiterlesen\u00a0\u2026<\/a><\/p>\n","protected":false},"author":2,"featured_media":0,"parent":0,"menu_order":1,"comment_status":"closed","ping_status":"closed","template":"","meta":{"footnotes":""},"class_list":["post-96","page","type-page","status-publish","hentry"],"_links":{"self":[{"href":"https:\/\/nmsstleonhard-forst.ac.at\/index.php?rest_route=\/wp\/v2\/pages\/96","targetHints":{"allow":["GET"]}}],"collection":[{"href":"https:\/\/nmsstleonhard-forst.ac.at\/index.php?rest_route=\/wp\/v2\/pages"}],"about":[{"href":"https:\/\/nmsstleonhard-forst.ac.at\/index.php?rest_route=\/wp\/v2\/types\/page"}],"author":[{"embeddable":true,"href":"https:\/\/nmsstleonhard-forst.ac.at\/index.php?rest_route=\/wp\/v2\/users\/2"}],"replies":[{"embeddable":true,"href":"https:\/\/nmsstleonhard-forst.ac.at\/index.php?rest_route=%2Fwp%2Fv2%2Fcomments&post=96"}],"version-history":[{"count":16,"href":"https:\/\/nmsstleonhard-forst.ac.at\/index.php?rest_route=\/wp\/v2\/pages\/96\/revisions"}],"predecessor-version":[{"id":11131,"href":"https:\/\/nmsstleonhard-forst.ac.at\/index.php?rest_route=\/wp\/v2\/pages\/96\/revisions\/11131"}],"wp:attachment":[{"href":"https:\/\/nmsstleonhard-forst.ac.at\/index.php?rest_route=%2Fwp%2Fv2%2Fmedia&parent=96"}],"curies":[{"name":"wp","href":"https:\/\/api.w.org\/{rel}","templated":true}]}}