{"id":9273,"date":"2022-12-08T10:47:03","date_gmt":"2022-12-08T09:47:03","guid":{"rendered":"https:\/\/nmsstleonhard-forst.ac.at\/?page_id=9273"},"modified":"2022-12-08T11:19:58","modified_gmt":"2022-12-08T10:19:58","slug":"schuljahr-2015-16","status":"publish","type":"page","link":"https:\/\/nmsstleonhard-forst.ac.at\/?page_id=9273","title":{"rendered":"Schuljahr 2015\/16"},"content":{"rendered":"\n<h3 class=\"wp-block-heading\"><strong>1a<\/strong><br \/>KV Dipl.-P\u00e4d. vLNMS Andreas St\u00f6ckl<br \/>Stv.: Dipl.-P\u00e4d. OLNMS Ulrike Zeilinger<\/h3>\n\n\n\n<figure class=\"wp-block-image\"><a href=\"https:\/\/nmsstleonhard-forst.ac.at\/wp-content\/uploads\/2010\/09\/1a-15-16hp.jpg\"><img loading=\"lazy\" decoding=\"async\" width=\"1024\" height=\"771\" src=\"https:\/\/nmsstleonhard-forst.ac.at\/wp-content\/uploads\/2010\/09\/1a-15-16hp.jpg\" alt=\"1a-15-16hp\" class=\"wp-image-3728\" srcset=\"https:\/\/nmsstleonhard-forst.ac.at\/wp-content\/uploads\/2010\/09\/1a-15-16hp.jpg 1024w, https:\/\/nmsstleonhard-forst.ac.at\/wp-content\/uploads\/2010\/09\/1a-15-16hp-300x226.jpg 300w\" sizes=\"auto, (max-width: 1024px) 100vw, 1024px\" \/><\/a><\/figure>\n\n\n\n<h2 class=\"wp-block-heading\"><strong>1b<\/strong><br \/>KV Dipl.-P\u00e4d. vLNMS J\u00fcrgen Renner<br \/>Stv.: Dipl.-P\u00e4d. OLNMS Marianne Berger<\/h2>\n\n\n\n<figure class=\"wp-block-image\"><a href=\"https:\/\/nmsstleonhard-forst.ac.at\/wp-content\/uploads\/2010\/09\/1b-15-16hp.jpg\"><img loading=\"lazy\" decoding=\"async\" width=\"1024\" height=\"688\" src=\"https:\/\/nmsstleonhard-forst.ac.at\/wp-content\/uploads\/2010\/09\/1b-15-16hp.jpg\" alt=\"1b-15-16hp\" class=\"wp-image-3729\" srcset=\"https:\/\/nmsstleonhard-forst.ac.at\/wp-content\/uploads\/2010\/09\/1b-15-16hp.jpg 1024w, https:\/\/nmsstleonhard-forst.ac.at\/wp-content\/uploads\/2010\/09\/1b-15-16hp-300x202.jpg 300w\" sizes=\"auto, (max-width: 1024px) 100vw, 1024px\" \/><\/a><\/figure>\n\n\n\n<h2 class=\"wp-block-heading\"><strong>2a<\/strong><br \/>KV Dipl.-P\u00e4d. OLNMS Heidemarie Gruber<br \/>Stv.: Dipl. P\u00e4d. OLNMS Rudolf Engelbrechtsm\u00fcller<\/h2>\n\n\n\n<figure class=\"wp-block-image\"><a href=\"https:\/\/nmsstleonhard-forst.ac.at\/wp-content\/uploads\/2010\/09\/2a-15-16hp.jpg\"><img loading=\"lazy\" decoding=\"async\" width=\"1024\" height=\"770\" src=\"https:\/\/nmsstleonhard-forst.ac.at\/wp-content\/uploads\/2010\/09\/2a-15-16hp.jpg\" alt=\"2a-15-16hp\" class=\"wp-image-3730\" srcset=\"https:\/\/nmsstleonhard-forst.ac.at\/wp-content\/uploads\/2010\/09\/2a-15-16hp.jpg 1024w, https:\/\/nmsstleonhard-forst.ac.at\/wp-content\/uploads\/2010\/09\/2a-15-16hp-300x226.jpg 300w\" sizes=\"auto, (max-width: 1024px) 100vw, 1024px\" \/><\/a><\/figure>\n\n\n\n<h3 class=\"wp-block-heading\"><strong>2b<\/strong><br \/>KV Dipl.-P\u00e4d. vLNMS Karin Schafranek<\/h3>\n\n\n\n<figure class=\"wp-block-image\"><a href=\"https:\/\/nmsstleonhard-forst.ac.at\/wp-content\/uploads\/2010\/09\/2b-15-16hp.jpg\"><img loading=\"lazy\" decoding=\"async\" width=\"1024\" height=\"771\" src=\"https:\/\/nmsstleonhard-forst.ac.at\/wp-content\/uploads\/2010\/09\/2b-15-16hp.jpg\" alt=\"2b-15-16hp\" class=\"wp-image-3732\" srcset=\"https:\/\/nmsstleonhard-forst.ac.at\/wp-content\/uploads\/2010\/09\/2b-15-16hp.jpg 1024w, https:\/\/nmsstleonhard-forst.ac.at\/wp-content\/uploads\/2010\/09\/2b-15-16hp-300x226.jpg 300w\" sizes=\"auto, (max-width: 1024px) 100vw, 1024px\" \/><\/a><\/figure>\n\n\n\n<h3 class=\"wp-block-heading\"><strong>3a<\/strong><br \/>KV Dipl.-P\u00e4d. OLNMS Brigitte Haag<br \/>Stv.: Dipl.-P\u00e4d. OLNMS Ernestine Linsberger<\/h3>\n\n\n\n<figure class=\"wp-block-image\"><a href=\"https:\/\/nmsstleonhard-forst.ac.at\/wp-content\/uploads\/2010\/09\/3a-15-16hp.jpg\"><img loading=\"lazy\" decoding=\"async\" width=\"1024\" height=\"770\" src=\"https:\/\/nmsstleonhard-forst.ac.at\/wp-content\/uploads\/2010\/09\/3a-15-16hp.jpg\" alt=\"3a-15-16hp\" class=\"wp-image-3733\" srcset=\"https:\/\/nmsstleonhard-forst.ac.at\/wp-content\/uploads\/2010\/09\/3a-15-16hp.jpg 1024w, https:\/\/nmsstleonhard-forst.ac.at\/wp-content\/uploads\/2010\/09\/3a-15-16hp-300x226.jpg 300w\" sizes=\"auto, (max-width: 1024px) 100vw, 1024px\" \/><\/a><\/figure>\n\n\n\n<h2 class=\"wp-block-heading\"><strong>3b<\/strong><br \/>KV Dipl.-P\u00e4d. OLNMS Regina Scheichelbauer<br \/>Stv.: Dipl.-P\u00e4d. OLNMS Anna Pichelmann<\/h2>\n\n\n\n<figure class=\"wp-block-image\"><a href=\"https:\/\/nmsstleonhard-forst.ac.at\/wp-content\/uploads\/2010\/09\/3b-15-16hp.jpg\"><img loading=\"lazy\" decoding=\"async\" width=\"1024\" height=\"771\" src=\"https:\/\/nmsstleonhard-forst.ac.at\/wp-content\/uploads\/2010\/09\/3b-15-16hp.jpg\" alt=\"3b-15-16hp\" class=\"wp-image-3734\" srcset=\"https:\/\/nmsstleonhard-forst.ac.at\/wp-content\/uploads\/2010\/09\/3b-15-16hp.jpg 1024w, https:\/\/nmsstleonhard-forst.ac.at\/wp-content\/uploads\/2010\/09\/3b-15-16hp-300x226.jpg 300w\" sizes=\"auto, (max-width: 1024px) 100vw, 1024px\" \/><\/a><\/figure>\n\n\n\n<h2 class=\"wp-block-heading\"><strong>4a<\/strong><br \/>KV Dipl.-P\u00e4d. vLNMS Adele Derfler<br \/>Inklusion.: Dipl.-P\u00e4d. SOL Sabine Resel<br \/>St\u00fctzkraft: Frau Andrea Hahn<\/h2>\n\n\n\n<figure class=\"wp-block-image\"><a href=\"https:\/\/nmsstleonhard-forst.ac.at\/wp-content\/uploads\/2010\/09\/4a-15-16hp.jpg\"><img loading=\"lazy\" decoding=\"async\" width=\"1024\" height=\"770\" src=\"https:\/\/nmsstleonhard-forst.ac.at\/wp-content\/uploads\/2010\/09\/4a-15-16hp.jpg\" alt=\"4a-15-16hp\" class=\"wp-image-3735\" srcset=\"https:\/\/nmsstleonhard-forst.ac.at\/wp-content\/uploads\/2010\/09\/4a-15-16hp.jpg 1024w, https:\/\/nmsstleonhard-forst.ac.at\/wp-content\/uploads\/2010\/09\/4a-15-16hp-300x226.jpg 300w\" sizes=\"auto, (max-width: 1024px) 100vw, 1024px\" \/><\/a><\/figure>\n\n\n\n<h3 class=\"wp-block-heading\"><strong>4b<\/strong><br \/>KV Dipl.-P\u00e4d. OLNMS Gisela Daurer<\/h3>\n\n\n\n<figure class=\"wp-block-image\"><a href=\"https:\/\/nmsstleonhard-forst.ac.at\/wp-content\/uploads\/2010\/09\/4b-15-16hp.jpg\"><img loading=\"lazy\" decoding=\"async\" width=\"1024\" height=\"771\" src=\"https:\/\/nmsstleonhard-forst.ac.at\/wp-content\/uploads\/2010\/09\/4b-15-16hp.jpg\" alt=\"4b-15-16hp\" class=\"wp-image-3736\" srcset=\"https:\/\/nmsstleonhard-forst.ac.at\/wp-content\/uploads\/2010\/09\/4b-15-16hp.jpg 1024w, https:\/\/nmsstleonhard-forst.ac.at\/wp-content\/uploads\/2010\/09\/4b-15-16hp-300x226.jpg 300w\" sizes=\"auto, (max-width: 1024px) 100vw, 1024px\" \/><\/a><\/figure>\n","protected":false},"excerpt":{"rendered":"<p>1aKV Dipl.-P\u00e4d. vLNMS Andreas St\u00f6cklStv.: Dipl.-P\u00e4d. OLNMS Ulrike Zeilinger 1bKV Dipl.-P\u00e4d. vLNMS J\u00fcrgen RennerStv.: Dipl.-P\u00e4d. OLNMS Marianne Berger 2aKV Dipl.-P\u00e4d. OLNMS Heidemarie GruberStv.: Dipl. P\u00e4d. OLNMS Rudolf Engelbrechtsm\u00fcller 2bKV Dipl.-P\u00e4d. vLNMS Karin Schafranek 3aKV Dipl.-P\u00e4d. OLNMS Brigitte HaagStv.: Dipl.-P\u00e4d. OLNMS Ernestine Linsberger 3bKV Dipl.-P\u00e4d. OLNMS <a class=\"more-link\" href=\"https:\/\/nmsstleonhard-forst.ac.at\/?page_id=9273\">Weiterlesen\u00a0\u2026<\/a><\/p>\n","protected":false},"author":2,"featured_media":0,"parent":62,"menu_order":0,"comment_status":"closed","ping_status":"closed","template":"","meta":{"footnotes":""},"class_list":["post-9273","page","type-page","status-publish","hentry"],"_links":{"self":[{"href":"https:\/\/nmsstleonhard-forst.ac.at\/index.php?rest_route=\/wp\/v2\/pages\/9273","targetHints":{"allow":["GET"]}}],"collection":[{"href":"https:\/\/nmsstleonhard-forst.ac.at\/index.php?rest_route=\/wp\/v2\/pages"}],"about":[{"href":"https:\/\/nmsstleonhard-forst.ac.at\/index.php?rest_route=\/wp\/v2\/types\/page"}],"author":[{"embeddable":true,"href":"https:\/\/nmsstleonhard-forst.ac.at\/index.php?rest_route=\/wp\/v2\/users\/2"}],"replies":[{"embeddable":true,"href":"https:\/\/nmsstleonhard-forst.ac.at\/index.php?rest_route=%2Fwp%2Fv2%2Fcomments&post=9273"}],"version-history":[{"count":3,"href":"https:\/\/nmsstleonhard-forst.ac.at\/index.php?rest_route=\/wp\/v2\/pages\/9273\/revisions"}],"predecessor-version":[{"id":9324,"href":"https:\/\/nmsstleonhard-forst.ac.at\/index.php?rest_route=\/wp\/v2\/pages\/9273\/revisions\/9324"}],"up":[{"embeddable":true,"href":"https:\/\/nmsstleonhard-forst.ac.at\/index.php?rest_route=\/wp\/v2\/pages\/62"}],"wp:attachment":[{"href":"https:\/\/nmsstleonhard-forst.ac.at\/index.php?rest_route=%2Fwp%2Fv2%2Fmedia&parent=9273"}],"curies":[{"name":"wp","href":"https:\/\/api.w.org\/{rel}","templated":true}]}}