{"id":7960,"date":"2021-01-14T11:51:19","date_gmt":"2021-01-14T10:51:19","guid":{"rendered":"https:\/\/nmsstleonhard-forst.ac.at\/?page_id=7960"},"modified":"2026-02-27T10:09:55","modified_gmt":"2026-02-27T09:09:55","slug":"lesefoerderung","status":"publish","type":"page","link":"https:\/\/nmsstleonhard-forst.ac.at\/?page_id=7960","title":{"rendered":"Lesef\u00f6rderung"},"content":{"rendered":"\n<p><\/p>\n\n\n\n<p><em>&#8222;Lesen ist ein grenzenloses Abenteuer der Kindheit!\u201c, <\/em>diese Worte von Astrid Lindgren bringen es auf den Punkt. Lesen ist eine F\u00e4higkeit, die vor allem in jungen Jahren erworben wird und etwas, das vor allem Spa\u00df machen soll. Lesen ist eine Grundkompetenz, sie erm\u00f6glicht den Wissenserwerb und die Teilnahme am gesellschaftlichen Leben, daher kommt dem Erwerb der Lesef\u00e4higkeit eine wichtige Bedeutung zu.<\/p>\n\n\n\n<figure class=\"wp-block-gallery has-nested-images columns-default is-cropped wp-block-gallery-1 is-layout-flex wp-block-gallery-is-layout-flex\">\n<figure class=\"wp-block-image size-large\"><img loading=\"lazy\" decoding=\"async\" width=\"1600\" height=\"1200\" data-id=\"11232\" src=\"https:\/\/nmsstleonhard-forst.ac.at\/wp-content\/uploads\/2026\/02\/bd414c01-c5a9-40af-b668-aadbef092e64.jpg\" alt=\"\" class=\"wp-image-11232\" srcset=\"https:\/\/nmsstleonhard-forst.ac.at\/wp-content\/uploads\/2026\/02\/bd414c01-c5a9-40af-b668-aadbef092e64.jpg 1600w, https:\/\/nmsstleonhard-forst.ac.at\/wp-content\/uploads\/2026\/02\/bd414c01-c5a9-40af-b668-aadbef092e64-768x576.jpg 768w, https:\/\/nmsstleonhard-forst.ac.at\/wp-content\/uploads\/2026\/02\/bd414c01-c5a9-40af-b668-aadbef092e64-1536x1152.jpg 1536w\" sizes=\"auto, (max-width: 1600px) 100vw, 1600px\" \/><\/figure>\n\n\n\n<figure class=\"wp-block-image size-large\"><img loading=\"lazy\" decoding=\"async\" width=\"1600\" height=\"1200\" data-id=\"11233\" src=\"https:\/\/nmsstleonhard-forst.ac.at\/wp-content\/uploads\/2026\/02\/25bc7f21-34c9-42ba-8b70-0e64b2fb27c9.jpg\" alt=\"\" class=\"wp-image-11233\" srcset=\"https:\/\/nmsstleonhard-forst.ac.at\/wp-content\/uploads\/2026\/02\/25bc7f21-34c9-42ba-8b70-0e64b2fb27c9.jpg 1600w, https:\/\/nmsstleonhard-forst.ac.at\/wp-content\/uploads\/2026\/02\/25bc7f21-34c9-42ba-8b70-0e64b2fb27c9-768x576.jpg 768w, https:\/\/nmsstleonhard-forst.ac.at\/wp-content\/uploads\/2026\/02\/25bc7f21-34c9-42ba-8b70-0e64b2fb27c9-1536x1152.jpg 1536w\" sizes=\"auto, (max-width: 1600px) 100vw, 1600px\" \/><\/figure>\n<\/figure>\n\n\n<div class=\"wp-block-image is-style-default\">\n<figure class=\"alignright size-full is-resized\"><img loading=\"lazy\" decoding=\"async\" width=\"480\" height=\"640\" src=\"https:\/\/nmsstleonhard-forst.ac.at\/wp-content\/uploads\/2021\/01\/Bib3.jpg\" alt=\"\" class=\"wp-image-7934\" style=\"width:240px;height:320px\"\/><\/figure>\n<\/div>\n\n\n<p>Unsere Schule bietet f\u00fcr die 5. Schulstufe eine spezielle Lesef\u00f6rderung an. Ziel ist es, die Lesekompetenz zu steigern und einige Lesestrategien zu lernen.<\/p>\n\n\n\n<p>Verschiedenste Lese\u00fcbungen und Lesespiele sollen unter anderem<\/p>\n\n\n\n<ul class=\"wp-block-list\">\n<li>die Freude am Lesen wecken<\/li>\n\n\n\n<li>die Blickspannweite erweitern<\/li>\n\n\n\n<li>die Leseschnelligkeit verbessern<\/li>\n\n\n\n<li>die Texterfassungskompetenz schulen<\/li>\n\n\n\n<li>das Wortged\u00e4chtnis trainieren<\/li>\n<\/ul>\n\n\n\n<p>um unseren Sch\u00fclerinnen und Sch\u00fclern eine gute Grundlage f\u00fcr ihren weiteren Lebensweg mitzugeben!<\/p>\n\n\n\n<p><\/p>\n","protected":false},"excerpt":{"rendered":"<p>&#8222;Lesen ist ein grenzenloses Abenteuer der Kindheit!\u201c, diese Worte von Astrid Lindgren bringen es auf den Punkt. Lesen ist eine F\u00e4higkeit, die vor allem in jungen Jahren erworben wird und etwas, das vor allem Spa\u00df machen soll. Lesen ist eine Grundkompetenz, sie erm\u00f6glicht den Wissenserwerb <a class=\"more-link\" href=\"https:\/\/nmsstleonhard-forst.ac.at\/?page_id=7960\">Weiterlesen\u00a0\u2026<\/a><\/p>\n","protected":false},"author":1,"featured_media":0,"parent":113,"menu_order":1,"comment_status":"closed","ping_status":"closed","template":"","meta":{"footnotes":""},"class_list":["post-7960","page","type-page","status-publish","hentry"],"_links":{"self":[{"href":"https:\/\/nmsstleonhard-forst.ac.at\/index.php?rest_route=\/wp\/v2\/pages\/7960","targetHints":{"allow":["GET"]}}],"collection":[{"href":"https:\/\/nmsstleonhard-forst.ac.at\/index.php?rest_route=\/wp\/v2\/pages"}],"about":[{"href":"https:\/\/nmsstleonhard-forst.ac.at\/index.php?rest_route=\/wp\/v2\/types\/page"}],"author":[{"embeddable":true,"href":"https:\/\/nmsstleonhard-forst.ac.at\/index.php?rest_route=\/wp\/v2\/users\/1"}],"replies":[{"embeddable":true,"href":"https:\/\/nmsstleonhard-forst.ac.at\/index.php?rest_route=%2Fwp%2Fv2%2Fcomments&post=7960"}],"version-history":[{"count":12,"href":"https:\/\/nmsstleonhard-forst.ac.at\/index.php?rest_route=\/wp\/v2\/pages\/7960\/revisions"}],"predecessor-version":[{"id":11234,"href":"https:\/\/nmsstleonhard-forst.ac.at\/index.php?rest_route=\/wp\/v2\/pages\/7960\/revisions\/11234"}],"up":[{"embeddable":true,"href":"https:\/\/nmsstleonhard-forst.ac.at\/index.php?rest_route=\/wp\/v2\/pages\/113"}],"wp:attachment":[{"href":"https:\/\/nmsstleonhard-forst.ac.at\/index.php?rest_route=%2Fwp%2Fv2%2Fmedia&parent=7960"}],"curies":[{"name":"wp","href":"https:\/\/api.w.org\/{rel}","templated":true}]}}