{"id":116,"date":"2010-09-29T19:15:51","date_gmt":"2010-09-29T17:15:51","guid":{"rendered":"http:\/\/hsstleonhard-forst.ac.at\/?page_id=116"},"modified":"2026-02-27T08:56:28","modified_gmt":"2026-02-27T07:56:28","slug":"die-gesunde-jause","status":"publish","type":"page","link":"https:\/\/nmsstleonhard-forst.ac.at\/?page_id=116","title":{"rendered":"Die Gesunde Jause"},"content":{"rendered":"<p>In bew\u00e4hrter Manier bieten MitarbeiterInnen der Caritaswerkst\u00e4tte auch heuer wieder bei uns die Gesunde Jause an. Das Team verw\u00f6hnt t\u00e4glich in der gro\u00dfen Pause Sch\u00fclerInnen und LehrerInnen mit einer abwechslungsreichen, schmackhaften und preiswerten Jause.<\/p>\n<p><img loading=\"lazy\" decoding=\"async\" class=\"alignnone size-full wp-image-10023\" src=\"https:\/\/nmsstleonhard-forst.ac.at\/wp-content\/uploads\/2024\/01\/Caritas-Schuljause-hp.jpg\" alt=\"\" width=\"1024\" height=\"768\" srcset=\"https:\/\/nmsstleonhard-forst.ac.at\/wp-content\/uploads\/2024\/01\/Caritas-Schuljause-hp.jpg 1024w, https:\/\/nmsstleonhard-forst.ac.at\/wp-content\/uploads\/2024\/01\/Caritas-Schuljause-hp-768x576.jpg 768w\" sizes=\"auto, (max-width: 1024px) 100vw, 1024px\" \/><\/p>\n<p>Das Team (v. l.): Mildner Gerlinde, Nuster Renate, Gr\u00fcnbichler Andrea, Gruber Hermine, <strong>Dam Klaudia<\/strong>, Winter Nadine<\/p>\n<p><a href=\"https:\/\/nmsstleonhard-forst.ac.at\/wp-content\/uploads\/2025\/09\/Allergenliste.pdf\">Allergenliste_Schuljause<\/a><\/p>\n\n\n<p><\/p>\n","protected":false},"excerpt":{"rendered":"<p>In bew\u00e4hrter Manier bieten MitarbeiterInnen der Caritaswerkst\u00e4tte auch heuer wieder bei uns die Gesunde Jause an. Das Team verw\u00f6hnt t\u00e4glich in der gro\u00dfen Pause Sch\u00fclerInnen und LehrerInnen mit einer abwechslungsreichen, schmackhaften und preiswerten Jause. Das Team (v. l.): Mildner Gerlinde, Nuster Renate, Gr\u00fcnbichler Andrea, Gruber <a class=\"more-link\" href=\"https:\/\/nmsstleonhard-forst.ac.at\/?page_id=116\">Weiterlesen\u00a0\u2026<\/a><\/p>\n","protected":false},"author":2,"featured_media":0,"parent":113,"menu_order":0,"comment_status":"closed","ping_status":"closed","template":"","meta":{"footnotes":""},"class_list":["post-116","page","type-page","status-publish","hentry"],"_links":{"self":[{"href":"https:\/\/nmsstleonhard-forst.ac.at\/index.php?rest_route=\/wp\/v2\/pages\/116","targetHints":{"allow":["GET"]}}],"collection":[{"href":"https:\/\/nmsstleonhard-forst.ac.at\/index.php?rest_route=\/wp\/v2\/pages"}],"about":[{"href":"https:\/\/nmsstleonhard-forst.ac.at\/index.php?rest_route=\/wp\/v2\/types\/page"}],"author":[{"embeddable":true,"href":"https:\/\/nmsstleonhard-forst.ac.at\/index.php?rest_route=\/wp\/v2\/users\/2"}],"replies":[{"embeddable":true,"href":"https:\/\/nmsstleonhard-forst.ac.at\/index.php?rest_route=%2Fwp%2Fv2%2Fcomments&post=116"}],"version-history":[{"count":17,"href":"https:\/\/nmsstleonhard-forst.ac.at\/index.php?rest_route=\/wp\/v2\/pages\/116\/revisions"}],"predecessor-version":[{"id":11229,"href":"https:\/\/nmsstleonhard-forst.ac.at\/index.php?rest_route=\/wp\/v2\/pages\/116\/revisions\/11229"}],"up":[{"embeddable":true,"href":"https:\/\/nmsstleonhard-forst.ac.at\/index.php?rest_route=\/wp\/v2\/pages\/113"}],"wp:attachment":[{"href":"https:\/\/nmsstleonhard-forst.ac.at\/index.php?rest_route=%2Fwp%2Fv2%2Fmedia&parent=116"}],"curies":[{"name":"wp","href":"https:\/\/api.w.org\/{rel}","templated":true}]}}